b.
3, 17
Let t = -384 + 547. What are the prime factors of t?
163
Suppose -3*d = -568 - 1529. What are the prime factors of d?
3, 233
Suppose -5 = -15*k + 14*k. Suppose -4*g + 350 = -k*w - 230, -3*w = -4*g + 588. Suppose -4*u = u + 5*z - g, 34 = u + 5*z. What are the prime factors of u?
29
Let g be (-254)/(-3) - (-18)/(-27). Let s = 119 - g. List the prime factors of s.
5, 7
Let i be ((-30)/(-35))/((-3)/(-126)). List the prime factors of 174/i + -5 - (-1801)/6.
2, 3, 5
Suppose 15*r - 18522 = -12*r. What are the prime factors of r?
2, 7
Let n = 734 - 232. List the prime factors of n.
2, 251
Let q = 244 - -632. What are the prime factors of q?
2, 3, 73
Suppose 118 = 3*a - a. Let b = a - -24. What are the prime factors of b?
83
Suppose -12 - 3 = -3*i. Suppose i - 2 = j. Suppose -5*h + 118 = -j*n, -h + n + 27 = -3*n. What are the prime factors of h?
23
Let q(d) = -d**2 - 8*d + 14. Let m(u) = -u**3 + 9*u**2 - 10*u + 4. Let k be m(8). Let v be q(k). Let w = v - -94. What are the prime factors of w?
2, 3, 5
Let k(s) be the third derivative of 1/2*s**4 + 2*s**2 + s**3 + 0*s + 0 - 1/60*s**5. List the prime factors of k(6).
2, 3, 7
Let l = -143 + 135. List the prime factors of 98/l*(-6 - (-6)/3).
7
Suppose -21*h - 84 = -14*h. Let m = 105 - h. What are the prime factors of m?
3, 13
Suppose 0 = -7*f + 2*f. Let k(w) = w**3 + 39. List the prime factors of k(f).
3, 13
Let t = -2371 + 4947. List the prime factors of t.
2, 7, 23
Let d(o) = -o + 5. Let s be d(7). Let w(z) = -25*z - 5. List the prime factors of w(s).
3, 5
Let o(t) = 9*t**2 - 3*t - 1. Suppose -3*a + 1 = 7. Let n be o(a). Suppose -n = -i + u, 2*i - 3*u - 80 = -2*u. What are the prime factors of i?
3, 13
Let l(k) = 3*k**3 - k**2 + 1. Let x be l(1). List the prime factors of (-5 + 2)/(x/(-182)).
2, 7, 13
Suppose 0*w - 4608 = -8*w. Suppose -2*c + 717 - 144 = 5*k, 5*k = c + w. List the prime factors of k.
5, 23
Let p(j) = 79*j**3 - 14*j**2 + 6*j - 2. List the prime factors of p(2).
2, 293
Suppose 14*m + 315 = 805. List the prime factors of m.
5, 7
Let l = -1346 + 2198. What are the prime factors of l?
2, 3, 71
Suppose n = u - 238, 2*u + 0*u - 4*n - 472 = 0. Suppose 5*h = h + u. List the prime factors of h.
2, 3, 5
Suppose 3*k - 30 = -0*k. Let o = -3 + 3. Suppose 0 = -o*j - 5*j + k. What are the prime factors of j?
2
Let l = -21 - -17. Let f be 1/l - 3912/(-32). Suppose f = 2*v + 10. What are the prime factors of v?
2, 7
Let b = -419 - -639. What are the prime factors of b?
2, 5, 11
Let l(h) = -h + 40. Suppose -4*v = -7*v - c - 54, 4*v - 3*c = -85. List the prime factors of l(v).
59
Let b(y) = 35*y**3 + 2*y**2 - 2*y + 1. Let x be b(1). Suppose -n - 2*i - 2*i - x = 0, -4*n - i - 84 = 0. Let v = n - -31. What are the prime factors of v?
11
Let r be -2 + 100 + 1 + -1. List the prime factors of (-1 + -4)/(-5) + r.
3, 11
Let y = 576 + 154. List the prime factors of y.
2, 5, 73
Let o(a) = -a**3 - 12*a**2 - 8*a + 1. Let y be o(-10). Let w = -74 - y. List the prime factors of w.
3, 5
Suppose -3593 - 13312 = -21*r. List the prime factors of r.
5, 7, 23
Suppose 3*c - 5*c = 4*h - 36, -2*c + 39 = h. Let o = c + -16. Suppose o*m - 36 = 8. List the prime factors of m.
11
Let c(y) = 6*y - 3. Let g = -5 + 15. What are the prime factors of c(g)?
3, 19
What are the prime factors of 24*((-117929)/56)/(-17)?
3, 991
Let k(c) = -25*c + 32. List the prime factors of k(-11).
307
Suppose -6*o - 150 = -o. Let r(a) = 8*a - 43. Let n be r(13). Let w = o + n. List the prime factors of w.
31
Let u = 0 + 2. Let o be 10*(-1 + (-10)/(-4)). Let m = o - u. List the prime factors of m.
13
Let a = -56 - -23. Let h = a + 39. What are the prime factors of h?
2, 3
Suppose 2*o + 5*c + 1 + 0 = 0, -5 = 5*c. What are the prime factors of (-31)/(-2) + 0 - (-3)/o?
17
Suppose -5*g + 5*l = -1710, -2*g - 4*l + 693 = -3*l. Suppose 5*j = g - 70. List the prime factors of j.
5, 11
Suppose 0 = 10*w - 12*w + 524. Let x = -19 + w. List the prime factors of x.
3
Suppose -q + 2 = -2*y, -3*q - 4 = -4*q + 4*y. Suppose 3*k - 1 - 14 = q. Suppose 3*m + 249 = k*j, 2*j + 4*m - 115 + 31 = 0. What are the prime factors of j?
2, 3
Let k be (-38)/5 + (18/15)/(-3). Suppose -10 = x + 2*q, -q - 5 = -2*x - x. Let m = x - k. What are the prime factors of m?
2
Suppose 2*o = -0*q + 5*q + 863, 5*o - 687 = 4*q. Let s = -50 - q. What are the prime factors of s?
3, 41
Let m(t) = -t - 8. Let g be m(-10). Let b be (-1 - 0)*(g - -13). Let c = b + 31. What are the prime factors of c?
2
List the prime factors of ((-1)/(-1))/(-4 + (-1266)/(-316)).
2, 79
Let g(m) = 1 + m - 6*m**2 + 0*m + m**3 + m**2 - 2. Let h be g(3). What are the prime factors of (27/6)/((-6)/h)?
2, 3
Let w(i) = 25*i**2 + 12*i + 168. What are the prime factors of w(-7)?
7, 11, 17
Let c = -178 - -83. Let g be (0 - c)*44/110. Suppose p - 15 = g. What are the prime factors of p?
53
Let w be ((-2)/3)/(2/(-354)). Suppose 5*l = w + 72. List the prime factors of l.
2, 19
Let z be 15/(-20) - 558/(-8). Let h = 34 - z. List the prime factors of (-392)/h + (-2)/10.
11
Let n(s) = -3*s**3 - 7*s**2 + 8*s - 1. Let x(o) = 4*o**3 + 7*o**2 - 7*o + 1. Let u(t) = 3*n(t) + 2*x(t). List the prime factors of u(-9).
71
Let x be 1/(3/(-387)*-1). Suppose 2*o + o - 168 = -4*c, 3*c - x = -3*o. Suppose -t + 23 + c = 0. What are the prime factors of t?
2, 31
Suppose 13*n - 9602 = 5647. What are the prime factors of n?
3, 17, 23
Suppose 5*t - t - 11276 = 0. What are the prime factors of t?
2819
Let t be (0 - -1)/(-1) - -3. Suppose t*w - 29 - 89 = 0. What are the prime factors of w?
59
Suppose -5*o + 9 + 16 = 0. Suppose 0 = -2*j + o*d + 43 + 28, -5*d + 69 = 3*j. What are the prime factors of j?
2, 7
Let z be ((-24)/30)/((-2)/(-25)). Let w be ((-164)/z)/((-6)/(-15)). Let t = w - 13. What are the prime factors of t?
2, 7
Let d = 124 + -101. Let c = d + 66. What are the prime factors of c?
89
Let o be ((-14)/(-5))/((-2)/(-40)). Let f = 115 - o. Let j = f + -42. What are the prime factors of j?
17
Let g(s) be the third derivative of 0*s - s**2 + 10/3*s**3 + 0 - 1/12*s**4. List the prime factors of g(-9).
2, 19
Suppose -2*o + 5*o = 0. Suppose 3*j - t - 24 = o, -2*j + 3*t = -0*j - 9. Let g(b) = b**3 - 10*b**2 + 10*b + 2. List the prime factors of g(j).
11
Let m(g) = -g**2 + 12*g - 21. Let y be m(10). Let n(z) = -17*z - 3. List the prime factors of n(y).
2, 7
What are the prime factors of 52*((-100)/(-20) - (-19)/(-4))?
13
Suppose -2 = -g - 4*f - 5, 5*g - 4*f = 33. Let a = 145 - -22. List the prime factors of g/20 - a/(-4).
2, 3, 7
Let x be (-2)/9 - 4/(-18). Let t be x - 1*(-4 + 2). Suppose 4*r = t*r + 22. What are the prime factors of r?
11
Suppose 0 = 5*r - 3*z - 6428, 5*z + 4064 = 4*r - 1081. What are the prime factors of r?
5, 257
Suppose b + 71 = -3*u + 393, 0 = 5*u - 3*b - 518. What are the prime factors of u?
2, 53
Let s = -187 - -619. What are the prime factors of s?
2, 3
Suppose 3*c = -2*c + 4*z + 1, 5*z + 32 = -4*c. Let i(x) = -3*x**3 + 3*x**2 + 5*x + 3. What are the prime factors of i(c)?
2, 3
Let k(o) = o**2 + 9*o + 25. Let y be k(-4). Let s(z) = -8*z - 1. Let c be s(-1). Suppose y*x = 63 + c. List the prime factors of x.
2, 7
Suppose -2*g = g - 9. Let v(m) = 9 + m + 2*m - 10 + g*m. What are the prime factors of v(2)?
11
Suppose -l - 4308 = -4*z, -5*z + 5402 = 5*l - 2*l. What are the prime factors of z?
2, 7, 11
Suppose 3*m + 0*m = -4*g + 193, -3*m - 15 = 0. Let l = 101 - g. Suppose l = 4*q - 111. What are the prime factors of q?
2, 5
Suppose 5*o + 4*t - 1005 = -t, -t = -o + 207. Suppose -q - o = -p, -q = -3*p + 13 + 589. What are the prime factors of p?
199
Let p be (-4 - 4/(-4)) + 128. Suppose 10*l = 11*l - p. What are the prime factors of l?
5
Suppose 2*i = 4*i - 460. List the prime factors of i.
2, 5, 23
Let n = -34 + 48. Let i = n + 94. List the prime factors of i.
2, 3
Suppose -5*f + 0*b = -b, 0 = 3*f + b. Suppose -q = 2, f = -m + q - 46 + 216. Suppose 0 = -18*g + 14*g + m. What are the prime factors of g?
2, 3, 7
Suppose -3*q = 4*l - q - 4, 0 = 5*l + 4*q - 2. Suppose 8*m - 12*m + 16 = 0. Suppose -2*h + l*t = -t - 94, 192 = m*h - 4*t. List the prime factors of h.
2, 5
Let q(h) be the second derivative of 2*h - 1/3*h**3 + 2*h**2 + 0. What are the prime factors of q(-11)?
2, 13
Let r be 4 + 32 + -4 - (-1 - 3). Suppose 25 = 5*q - 5*c - 